?
-1200
In base 9, what is 287 + 3?
301
In base 3, what is -11 - 10102?
-10120
In base 16, what is 3 - 1ac?
-1a9
In base 5, what is -11101 + 2?
-11044
In base 2, what is -100110 - -111?
-11111
In base 15, what is 1372 + -2?
1370
In base 2, what is -10 - 1111010110?
-1111011000
In base 10, what is 34 + 696?
730
In base 9, what is 4 + -11?
-6
In base 4, what is 200 - -20?
220
In base 3, what is 2121 + 20?
2211
In base 7, what is -4 - -612?
605
In base 4, what is 11 - 300?
-223
In base 13, what is 12b6 + -3?
12b3
In base 3, what is -1121 - 20?
-1211
In base 6, what is -1 + -240?
-241
In base 9, what is 1 - 61?
-60
In base 10, what is -20 - 5?
-25
In base 5, what is 4 + 30301?
30310
In base 4, what is -31 - 1131?
-1222
In base 11, what is -1 - -596?
595
In base 10, what is -41 - 459?
-500
In base 10, what is -236 + -27?
-263
In base 14, what is -3 + -59?
-5c
In base 12, what is 5917 + -3?
5914
In base 12, what is 77 - 0?
77
In base 10, what is -240 + -4?
-244
In base 16, what is -38 + 9c?
64
In base 11, what is 0 - 93?
-93
In base 5, what is 114 + 0?
114
In base 14, what is -8 - 1d?
-27
In base 9, what is -16 + -5?
-22
In base 3, what is -1001212 + 20?
-1001122
In base 11, what is 44 - -4a?
93
In base 10, what is -30 + -6?
-36
In base 5, what is -101334 - 4?
-101343
In base 14, what is -2 - 49?
-4b
In base 13, what is -4c + 7?
-45
In base 3, what is -200022 + 0?
-200022
In base 6, what is -210331 + -2?
-210333
In base 8, what is 5 - -2260?
2265
In base 5, what is 2 - -1320?
1322
In base 10, what is 2 + -6?
-4
In base 10, what is 5 + 111?
116
In base 13, what is 11 - -21?
32
In base 9, what is -4 + -43?
-47
In base 16, what is -34 + -7?
-3b
In base 14, what is 1 + -84a?
-849
In base 8, what is -1 + -15?
-16
In base 5, what is 22 - 101?
-24
In base 10, what is -23 + -216?
-239
In base 10, what is -3 - 30?
-33
In base 7, what is -32 + 110?
45
In base 6, what is 105 + -2?
103
In base 6, what is -11 + 5253?
5242
In base 10, what is 729 + -4?
725
In base 15, what is 5 - -1?
6
In base 6, what is 1 - 442?
-441
In base 4, what is -2220 - -2?
-2212
In base 4, what is -2 + 1311?
1303
In base 3, what is 10 - 100021?
-100011
In base 6, what is -14 - -3025?
3011
In base 13, what is -1718 - -6?
-1712
In base 10, what is 63 - -8?
71
In base 14, what is -10 - 4?
-14
In base 12, what is -b26 - -3?
-b23
In base 15, what is 2 - -81?
83
In base 5, what is -34 - -11?
-23
In base 16, what is 509 - -2?
50b
In base 5, what is -140233 - 10?
-140243
In base 8, what is 22231 + 4?
22235
In base 5, what is -1 - -1013?
1012
In base 15, what is 1 + 2d?
2e
In base 15, what is -ee + -5?
-104
In base 13, what is -28 - 52?
-7a
In base 8, what is -6445 + -4?
-6451
In base 4, what is -10 + -1300?
-1310
In base 9, what is 1228 + 2?
1231
In base 4, what is 11323 + -2?
11321
In base 3, what is 221 - 211?
10
In base 4, what is 321 + -10?
311
In base 9, what is -4 + -23?
-27
In base 2, what is 10100110110101 - 101?
10100110110000
In base 4, what is 3 + -20023?
-20020
In base 13, what is -1 + acb?
aca
In base 7, what is -5 - 16030?
-16035
In base 10, what is -35 + -1?
-36
In base 4, what is -122 - 11?
-133
In base 4, what is -2 + -21?
-23
In base 7, what is 13124 + 12?
13136
In base 15, what is 13 + -18a?
-177
In base 16, what is -14 - -5?
-f
In base 14, what is -28 + -127?
-151
In base 7, what is -13636 - 5?
-13644
In base 14, what is 60 - -9?
69
In base 11, what is 0 - -61?
61
In base 12, what is -3 + 0?
-3
In base 9, what is 4 + -7164?
-7160
In base 8, what is 62227 - 3?
62224
In base 12, what is -498b + -2?
-4991
In base 2, what is 11 - -11001?
11100
In base 13, what is 3 + 81?
84
In base 5, what is -3344 - -42?
-3302
In base 7, what is -114 - 14?
-131
In base 15, what is -3a - -1?
-39
In base 5, what is -2 + 2443?
2441
In base 6, what is -3 + -501?
-504
In base 10, what is -8 + -142?
-150
In base 10, what is -1062 - 0?
-1062
In base 10, what is -245 + 2?
-243
In base 5, what is 102 - -3?
110
In base 15, what is -5 - 12a?
-130
In base 12, what is -857 - -3?
-854
In base 11, what is 24629 + -4?
24625
In base 4, what is -2 + 11022?
11020
In base 13, what is -4 + 6?
2
In base 14, what is -1 - 10?
-11
In base 6, what is 13 + 2442?
2455
In base 6, what is -10 + -25?
-35
In base 13, what is 2 + 2934?
2936
In base 8, what is 4 - 510?
-504
In base 14, what is 3aac - 0?
3aac
In base 12, what is -4 + 136?
132
In base 5, what is -1112 - -3?
-1104
In base 5, what is -4 + -1211?
-1220
In base 4, what is -1 - 1123?
-1130
In base 15, what is 4 - -1c7?
1cb
In base 3, what is 1 + -101110?
-101102
In base 14, what is 2abc - -2?
2ac0
In base 12, what is 0 - 23?
-23
In base 10, what is -423 + -4?
-427
In base 8, what is -2 - 1334?
-1336
In base 9, what is 10618 + 5?
10624
In base 3, what is -1211220 + 12?
-1211201
In base 14, what is -1dca - 2?
-1dcc
In base 5, what is -10 - -4?
-1
In base 11, what is -52 - 3?
-55
In base 7, what is -3 - 261?
-264
In base 4, what is -10201 + 0?
-10201
In base 5, what is 124 - 104?
20
In base 13, what is 1 + c7?
c8
In base 12, what is 16 + -27?
-11
In base 8, what is 5 - -1303?
1310
In base 14, what is -9d + -7?
-a6
In base 3, what is -11 - 2120?
-2201
In base 13, what is 3 + 47?
4a
In base 4, what is -12 - -10?
-2
In base 10, what is 4371 - -1?
4372
In base 15, what is 1 - 231?
-230
In base 8, what is -5 + -253?
-260
In base 3, what is 1 + -120221?
-120220
In base 6, what is 13 - -345?
402
In base 10, what is -6 + 303?
297
In base 5, what is 1013 + 1?
1014
In base 2, what is 10 + 10001100?
10001110
In base 8, what is 5 - -60?
65
In base 11, what is -51 - 40?
-91
In base 9, what is 7325 + 0?
7325
In base 14, what is 3 + -10?
-b
In base 10, what is -330 + 5?
-325
In base 16, what is -13 + 2?
-11
In base 7, what is 2 + 32?
34
In base 9, what is 22 + -111?
-78
In base 14, what is 1 - 31?
-30
In base 11, what is 1 + 435?
436
In base 12, what is -295 + 0?
-295
In base 15, what is 5 - -1d2?
1d7
In base 10, what is -2 - 43?
-45
In base 9, what is -304 - 16?
-321
In base 16, what is -105 - -c?
-f9
In base 15, what is -5 - 90?
-95
In base 16, what is 3ea - 4?
3e6
In base 3, what is 2 - 12?
-10
In base 10, what is 4 + -83?
-79
In base 3, what is -20 + 1001?
211
In base 4, what is -10 - -311?
301
In base 2, what is -10 - 11001100110?
-11001101000
In base 2, what is 100 - -1100010111?
1100011011
In base 10, what is -15917 - -4?
-15913
In base 13, what is 0 + -3a?
-3a
In base 4, what is 11 + 122332?
123003
In base 9, what is -123 - -12?
-111
In base 8, what is -3 - 243?
-246
In base 10, what is -961 - 0?
-961
In base 15, what is 0 - c49?
-c49
In base 3, what is 1 + -210?
-202
In base 10, what is -27 + -21?
-48
In base 2, what is -11 + -1101000101?
-1101001000
In base 12, what is -4 + 8a?
86
In base 2, what is 1 + 1000100?
1000101
In base 16, what is 32e8 + 0?
32e8
In base 13, what is 1 + 590?
591
In base 11, what is -132 - 2?
-134
In base 5, what is -23 + 134?
111
In base 15, what is -5 + -109?
-10e
In base 7, what is 315 + -3?
312
In base 9, what is 4 + -33?
-28
In base 12, what is 50 + 20?
70
In base 12, what is -b8 + 4?
-b4
In base 4, what is 31 - 133010?
-132313
In base 4, what is -3 - 3102?
-3111
In base 11, what is -2 + 8?
6
In base 10, what is -7 - 2233?
-2240
In base 8, what is -12 - 204?
-216
In base 14, what is -5 - d6?
-db
In base 9, what is 3 - 30?
-26
In base 5, what is -13240 - -4?
-13231
In base 2, what is 1111111 + -10?
1111101
In base 2, what is -101 + 110010?
101101
In base 13, what is 70 + -2a?
43
In base 12, what is 0 - -484?
484
In base 13, what is -2584 + 5?
-257c
In base 5, what is 10 + -12?
-2
In base 6, what is 0 + 1041?
1041
In base 7, what is -14 - 314?
-331
In base 10, what is -117 + -12?
-129
In base 12, what is -58 + -17?
-73
In base 4, what is 1 - 100312?
-100311
In base 12, what is 21 - -25b?
280
In base 8, what is -1411 - 1?
-1412
In base 5, what is 40331 + 1?
40332
In base 10, what is -717 + 1?
-716
In base 3, what is 0 - 2002?
-2002
In base 14, what is -8 + d?
5
In base 13, what is 142 - -5?
147
In base 7, what is -2 - -105?
103
In base 16, what is -9 + 47?
3e
In base 13, what is 0 - 202c?
-202c
In base 5, what is 40 + 124?
214
In base 9, what is -857 - -1?
-856
In base 14, what is 7 - b75?
-b6c
In base 16, what is 0 - -49f?
49f
In base 3, what is